{"id":2104,"date":"2020-08-24T19:22:59","date_gmt":"2020-08-24T17:22:59","guid":{"rendered":"http:\/\/www.ini-hl-land.de\/?page_id=2104"},"modified":"2020-08-24T19:22:59","modified_gmt":"2020-08-24T17:22:59","slug":"skulptur-fairmann-von-peter-gruenig-die-idee-dahinter","status":"publish","type":"page","link":"https:\/\/ini-hl-land.de\/?page_id=2104","title":{"rendered":"Skulptur \u201eFairmann\u201c von Peter Gr\u00fcnig: Die Idee dahinter"},"content":{"rendered":"<p>Diese Skulptur beruht auf einer Idee, die ich vor einiger Zeit hatte, und jetzt Gestalt bekommen hat. Es war ein Foto, war wohl in der Tagesschau, das mich inspiriert hat.<br \/>\nIm Abendlicht \u2026.ein Boot mit Fl\u00fcchtlingen, \u201eangestrandet\u201c im Mittelmeer vor Lesbos.<br \/>\nZu sehen waren da im Gegenlicht, nur mehr noch dunkle Silhouetten\u2026..bis auf das leuchtende Orange der Rettungswesten. Menschen waren auf dem Bild kaum mehr zu erkennen. Boot und Menschen, geisterhaft!<br \/>\nWas war mit diesen Menschen, den Fl\u00fcchtlingen? Gab es nur noch diese \u00dcberlebens- Westen, die grell aus dem Dunkel herausragten? Waren es schon Totgeweihte, die noch letzte Zeichen hinterlie\u00dfen, in Neon-Orange?<br \/>\nWas mich beeindruckte, war dieser Kontrast zwischen dem Archaischen des Meeres-, des Strandes und dieser modernen, schrillen Farbe: Neon-Orange. Das vermeintlich Rettende.<br \/>\nDieses Bild blieb bei mir haften.<br \/>\nNeben der Tatsache welche Trag\u00f6dien sich tats\u00e4chlich t\u00e4glich im Mittelmeer abspielten, und wie j\u00fcngste Beispiele zeigen, leider immer noch abspielen, war dieses Bild h\u00f6chst befremdlich! Es waren keine Individuen mehr erkennbar. Der einzelne Mensch war wie ausradiert und nur die Westen stachen ins Auge.<br \/>\nIch wollte dem Gestalt geben, aber nicht im Sinne der dokumentierenden Abbildung, sondern assoziativ und eher metaphorisch.<br \/>\nEine Figur, die mich schon in fr\u00fcheren Arbeiten besch\u00e4ftigte, verband sich nun mit diesem \u201eorangenen Eindruck\u201c, die mythologische Gestalt des Charon -, des Totenf\u00e4hrmanns. Er bringt der Legende nach, die Lebenden \u00fcber den Fluss-, die Lethe, in das Reich der Toten.<br \/>\nDer Kontrast des Archaischen und ihre Spiegelung in der heutigen Welt war f\u00fcr mich nun die spannende Herausforderung.<br \/>\nAuch im Hinblick auf die Skulpturen f\u00fcr den Elbe-L\u00fcbeck Kanal, schien mir das Thema Boot, Mensch und Wasser und das aktuelle Thema der Fl\u00fcchtlinge ein ad\u00e4quates Motiv.<\/p>\n<p><a href=\"http:\/\/www.ini-hl-land.de\/wp-content\/uploads\/Boot1.jpg\"><img fetchpriority=\"high\" decoding=\"async\" class=\"size-medium wp-image-2101\" src=\"http:\/\/www.ini-hl-land.de\/wp-content\/uploads\/Boot1-225x300.jpg\" alt=\"\" width=\"225\" height=\"300\" srcset=\"https:\/\/ini-hl-land.de\/wp-content\/uploads\/Boot1-225x300.jpg 225w, https:\/\/ini-hl-land.de\/wp-content\/uploads\/Boot1.jpg 378w\" sizes=\"(max-width: 225px) 100vw, 225px\" \/><\/a><\/p>\n<p>Peter Gr\u00fcnig<\/p>\n<p>&nbsp;<\/p>\n","protected":false},"excerpt":{"rendered":"<p>Diese Skulptur beruht auf einer Idee, die ich vor einiger Zeit hatte, und jetzt Gestalt bekommen hat. Es war ein Foto, war wohl in der Tagesschau, das mich inspiriert hat. Im Abendlicht \u2026.ein Boot mit Fl\u00fcchtlingen, \u201eangestrandet\u201c im Mittelmeer vor Lesbos. Zu sehen waren da im Gegenlicht, nur mehr noch dunkle Silhouetten\u2026..bis auf das leuchtende [&hellip;]<\/p>\n","protected":false},"author":3,"featured_media":0,"parent":0,"menu_order":0,"comment_status":"closed","ping_status":"closed","template":"","meta":{"ocean_post_layout":"","ocean_both_sidebars_style":"","ocean_both_sidebars_content_width":0,"ocean_both_sidebars_sidebars_width":0,"ocean_sidebar":"","ocean_second_sidebar":"","ocean_disable_margins":"enable","ocean_add_body_class":"","ocean_shortcode_before_top_bar":"","ocean_shortcode_after_top_bar":"","ocean_shortcode_before_header":"","ocean_shortcode_after_header":"","ocean_has_shortcode":"","ocean_shortcode_after_title":"","ocean_shortcode_before_footer_widgets":"","ocean_shortcode_after_footer_widgets":"","ocean_shortcode_before_footer_bottom":"","ocean_shortcode_after_footer_bottom":"","ocean_display_top_bar":"default","ocean_display_header":"default","ocean_header_style":"","ocean_center_header_left_menu":"","ocean_custom_header_template":"","ocean_custom_logo":0,"ocean_custom_retina_logo":0,"ocean_custom_logo_max_width":0,"ocean_custom_logo_tablet_max_width":0,"ocean_custom_logo_mobile_max_width":0,"ocean_custom_logo_max_height":0,"ocean_custom_logo_tablet_max_height":0,"ocean_custom_logo_mobile_max_height":0,"ocean_header_custom_menu":"","ocean_menu_typo_font_family":"","ocean_menu_typo_font_subset":"","ocean_menu_typo_font_size":0,"ocean_menu_typo_font_size_tablet":0,"ocean_menu_typo_font_size_mobile":0,"ocean_menu_typo_font_size_unit":"px","ocean_menu_typo_font_weight":"","ocean_menu_typo_font_weight_tablet":"","ocean_menu_typo_font_weight_mobile":"","ocean_menu_typo_transform":"","ocean_menu_typo_transform_tablet":"","ocean_menu_typo_transform_mobile":"","ocean_menu_typo_line_height":0,"ocean_menu_typo_line_height_tablet":0,"ocean_menu_typo_line_height_mobile":0,"ocean_menu_typo_line_height_unit":"","ocean_menu_typo_spacing":0,"ocean_menu_typo_spacing_tablet":0,"ocean_menu_typo_spacing_mobile":0,"ocean_menu_typo_spacing_unit":"","ocean_menu_link_color":"","ocean_menu_link_color_hover":"","ocean_menu_link_color_active":"","ocean_menu_link_background":"","ocean_menu_link_hover_background":"","ocean_menu_link_active_background":"","ocean_menu_social_links_bg":"","ocean_menu_social_hover_links_bg":"","ocean_menu_social_links_color":"","ocean_menu_social_hover_links_color":"","ocean_disable_title":"default","ocean_disable_heading":"default","ocean_post_title":"","ocean_post_subheading":"","ocean_post_title_style":"","ocean_post_title_background_color":"","ocean_post_title_background":0,"ocean_post_title_bg_image_position":"","ocean_post_title_bg_image_attachment":"","ocean_post_title_bg_image_repeat":"","ocean_post_title_bg_image_size":"","ocean_post_title_height":0,"ocean_post_title_bg_overlay":0.5,"ocean_post_title_bg_overlay_color":"","ocean_disable_breadcrumbs":"default","ocean_breadcrumbs_color":"","ocean_breadcrumbs_separator_color":"","ocean_breadcrumbs_links_color":"","ocean_breadcrumbs_links_hover_color":"","ocean_display_footer_widgets":"default","ocean_display_footer_bottom":"default","ocean_custom_footer_template":"","footnotes":""},"class_list":["post-2104","page","type-page","status-publish","hentry","entry"],"_links":{"self":[{"href":"https:\/\/ini-hl-land.de\/index.php?rest_route=\/wp\/v2\/pages\/2104","targetHints":{"allow":["GET"]}}],"collection":[{"href":"https:\/\/ini-hl-land.de\/index.php?rest_route=\/wp\/v2\/pages"}],"about":[{"href":"https:\/\/ini-hl-land.de\/index.php?rest_route=\/wp\/v2\/types\/page"}],"author":[{"embeddable":true,"href":"https:\/\/ini-hl-land.de\/index.php?rest_route=\/wp\/v2\/users\/3"}],"replies":[{"embeddable":true,"href":"https:\/\/ini-hl-land.de\/index.php?rest_route=%2Fwp%2Fv2%2Fcomments&post=2104"}],"version-history":[{"count":1,"href":"https:\/\/ini-hl-land.de\/index.php?rest_route=\/wp\/v2\/pages\/2104\/revisions"}],"predecessor-version":[{"id":2105,"href":"https:\/\/ini-hl-land.de\/index.php?rest_route=\/wp\/v2\/pages\/2104\/revisions\/2105"}],"wp:attachment":[{"href":"https:\/\/ini-hl-land.de\/index.php?rest_route=%2Fwp%2Fv2%2Fmedia&parent=2104"}],"curies":[{"name":"wp","href":"https:\/\/api.w.org\/{rel}","templated":true}]}}