{"id":1993,"date":"2018-08-24T13:04:00","date_gmt":"2018-08-24T11:04:00","guid":{"rendered":"http:\/\/www.ini-hl-land.de\/?page_id=1993"},"modified":"2018-08-24T13:10:11","modified_gmt":"2018-08-24T11:10:11","slug":"bilder-der-alten-und-neuen-bruecke","status":"publish","type":"page","link":"https:\/\/ini-hl-land.de\/?page_id=1993","title":{"rendered":"Bilder der alten und neuen Br\u00fccke"},"content":{"rendered":"<p>Die Bilder wurden von Rainer Wiedemann zur Verf\u00fcgung gestellt.<\/p>\n<p>Abriss und Aush\u00e4ngen der alten Br\u00fccke:<\/p>\n<p><a href=\"http:\/\/www.ini-hl-land.de\/wp-content\/uploads\/A01-e1535108228656.jpg\"><img fetchpriority=\"high\" decoding=\"async\" class=\"alignnone size-medium wp-image-2000\" src=\"http:\/\/www.ini-hl-land.de\/wp-content\/uploads\/A01-e1535108228656-300x225.jpg\" alt=\"A01\" width=\"300\" height=\"225\" srcset=\"https:\/\/ini-hl-land.de\/wp-content\/uploads\/A01-e1535108228656-300x225.jpg 300w, https:\/\/ini-hl-land.de\/wp-content\/uploads\/A01-e1535108228656-960x720.jpg 960w, https:\/\/ini-hl-land.de\/wp-content\/uploads\/A01-e1535108228656.jpg 2016w\" sizes=\"(max-width: 300px) 100vw, 300px\" \/><\/a>\u00a0\u00a0<a href=\"http:\/\/www.ini-hl-land.de\/wp-content\/uploads\/A04.jpg\"><img decoding=\"async\" class=\"alignnone size-medium wp-image-1996\" src=\"http:\/\/www.ini-hl-land.de\/wp-content\/uploads\/A04-300x200.jpg\" alt=\"A04\" width=\"300\" height=\"200\" srcset=\"https:\/\/ini-hl-land.de\/wp-content\/uploads\/A04-300x200.jpg 300w, https:\/\/ini-hl-land.de\/wp-content\/uploads\/A04-960x640.jpg 960w, https:\/\/ini-hl-land.de\/wp-content\/uploads\/A04-480x320.jpg 480w, https:\/\/ini-hl-land.de\/wp-content\/uploads\/A04-380x255.jpg 380w, https:\/\/ini-hl-land.de\/wp-content\/uploads\/A04.jpg 1181w\" sizes=\"(max-width: 300px) 100vw, 300px\" \/><\/a><\/p>\n<p>&nbsp;<\/p>\n<p>&nbsp;<\/p>\n<p><a href=\"http:\/\/www.ini-hl-land.de\/wp-content\/uploads\/A02.jpg\"><img decoding=\"async\" class=\"alignnone size-medium wp-image-1994\" src=\"http:\/\/www.ini-hl-land.de\/wp-content\/uploads\/A02-300x200.jpg\" alt=\"A02\" width=\"300\" height=\"200\" srcset=\"https:\/\/ini-hl-land.de\/wp-content\/uploads\/A02-300x200.jpg 300w, https:\/\/ini-hl-land.de\/wp-content\/uploads\/A02-960x640.jpg 960w, https:\/\/ini-hl-land.de\/wp-content\/uploads\/A02-480x320.jpg 480w, https:\/\/ini-hl-land.de\/wp-content\/uploads\/A02-380x255.jpg 380w, https:\/\/ini-hl-land.de\/wp-content\/uploads\/A02.jpg 1181w\" sizes=\"(max-width: 300px) 100vw, 300px\" \/><\/a>\u00a0\u00a0<a href=\"http:\/\/www.ini-hl-land.de\/wp-content\/uploads\/A03.jpg\"><img loading=\"lazy\" decoding=\"async\" class=\"alignnone size-medium wp-image-1995\" src=\"http:\/\/www.ini-hl-land.de\/wp-content\/uploads\/A03-300x200.jpg\" alt=\"A03\" width=\"300\" height=\"200\" srcset=\"https:\/\/ini-hl-land.de\/wp-content\/uploads\/A03-300x200.jpg 300w, https:\/\/ini-hl-land.de\/wp-content\/uploads\/A03-960x640.jpg 960w, https:\/\/ini-hl-land.de\/wp-content\/uploads\/A03-480x320.jpg 480w, https:\/\/ini-hl-land.de\/wp-content\/uploads\/A03-380x255.jpg 380w, https:\/\/ini-hl-land.de\/wp-content\/uploads\/A03.jpg 1181w\" sizes=\"(max-width: 300px) 100vw, 300px\" \/><\/a><\/p>\n<p>&nbsp;<\/p>\n<p>Einh\u00e4ngen der neuen Br\u00fccke:<\/p>\n<p><a href=\"http:\/\/www.ini-hl-land.de\/wp-content\/uploads\/N03.jpg\"><img loading=\"lazy\" decoding=\"async\" class=\"alignnone size-medium wp-image-2007\" src=\"http:\/\/www.ini-hl-land.de\/wp-content\/uploads\/N03-300x200.jpg\" alt=\"N03\" width=\"300\" height=\"200\" srcset=\"https:\/\/ini-hl-land.de\/wp-content\/uploads\/N03-300x200.jpg 300w, https:\/\/ini-hl-land.de\/wp-content\/uploads\/N03-960x641.jpg 960w, https:\/\/ini-hl-land.de\/wp-content\/uploads\/N03-480x320.jpg 480w, https:\/\/ini-hl-land.de\/wp-content\/uploads\/N03-380x255.jpg 380w, https:\/\/ini-hl-land.de\/wp-content\/uploads\/N03.jpg 2000w\" sizes=\"(max-width: 300px) 100vw, 300px\" \/><\/a>\u00a0\u00a0<a href=\"http:\/\/www.ini-hl-land.de\/wp-content\/uploads\/N02.jpg\"><img loading=\"lazy\" decoding=\"async\" class=\"alignnone size-medium wp-image-2006\" src=\"http:\/\/www.ini-hl-land.de\/wp-content\/uploads\/N02-300x200.jpg\" alt=\"N02\" width=\"300\" height=\"200\" srcset=\"https:\/\/ini-hl-land.de\/wp-content\/uploads\/N02-300x200.jpg 300w, https:\/\/ini-hl-land.de\/wp-content\/uploads\/N02-960x641.jpg 960w, https:\/\/ini-hl-land.de\/wp-content\/uploads\/N02-480x320.jpg 480w, https:\/\/ini-hl-land.de\/wp-content\/uploads\/N02-380x255.jpg 380w, https:\/\/ini-hl-land.de\/wp-content\/uploads\/N02.jpg 2000w\" sizes=\"(max-width: 300px) 100vw, 300px\" \/><\/a><\/p>\n<p><a href=\"http:\/\/www.ini-hl-land.de\/wp-content\/uploads\/N01.jpg\"><img loading=\"lazy\" decoding=\"async\" class=\"alignnone size-medium wp-image-2005\" src=\"http:\/\/www.ini-hl-land.de\/wp-content\/uploads\/N01-300x200.jpg\" alt=\"N01\" width=\"300\" height=\"200\" srcset=\"https:\/\/ini-hl-land.de\/wp-content\/uploads\/N01-300x200.jpg 300w, https:\/\/ini-hl-land.de\/wp-content\/uploads\/N01-960x641.jpg 960w, https:\/\/ini-hl-land.de\/wp-content\/uploads\/N01-480x320.jpg 480w, https:\/\/ini-hl-land.de\/wp-content\/uploads\/N01-380x255.jpg 380w, https:\/\/ini-hl-land.de\/wp-content\/uploads\/N01.jpg 2000w\" sizes=\"(max-width: 300px) 100vw, 300px\" \/><\/a>\u00a0\u00a0<a href=\"http:\/\/www.ini-hl-land.de\/wp-content\/uploads\/N05.jpg\"><img loading=\"lazy\" decoding=\"async\" class=\"alignnone size-medium wp-image-2001\" src=\"http:\/\/www.ini-hl-land.de\/wp-content\/uploads\/N05-300x200.jpg\" alt=\"N05\" width=\"300\" height=\"200\" srcset=\"https:\/\/ini-hl-land.de\/wp-content\/uploads\/N05-300x200.jpg 300w, https:\/\/ini-hl-land.de\/wp-content\/uploads\/N05-960x640.jpg 960w, https:\/\/ini-hl-land.de\/wp-content\/uploads\/N05-480x320.jpg 480w, https:\/\/ini-hl-land.de\/wp-content\/uploads\/N05-380x255.jpg 380w\" sizes=\"(max-width: 300px) 100vw, 300px\" \/><\/a><\/p>\n<p><a href=\"http:\/\/www.ini-hl-land.de\/wp-content\/uploads\/N06.jpg\"><img loading=\"lazy\" decoding=\"async\" class=\"alignnone size-medium wp-image-2002\" src=\"http:\/\/www.ini-hl-land.de\/wp-content\/uploads\/N06-300x200.jpg\" alt=\"N06\" width=\"300\" height=\"200\" srcset=\"https:\/\/ini-hl-land.de\/wp-content\/uploads\/N06-300x200.jpg 300w, https:\/\/ini-hl-land.de\/wp-content\/uploads\/N06-960x640.jpg 960w, https:\/\/ini-hl-land.de\/wp-content\/uploads\/N06-480x320.jpg 480w, https:\/\/ini-hl-land.de\/wp-content\/uploads\/N06-380x255.jpg 380w\" sizes=\"(max-width: 300px) 100vw, 300px\" \/><\/a>\u00a0\u00a0<a href=\"http:\/\/www.ini-hl-land.de\/wp-content\/uploads\/N04.jpg\"><img loading=\"lazy\" decoding=\"async\" class=\"alignnone size-medium wp-image-2008\" src=\"http:\/\/www.ini-hl-land.de\/wp-content\/uploads\/N04-300x200.jpg\" alt=\"N04\" width=\"300\" height=\"200\" srcset=\"https:\/\/ini-hl-land.de\/wp-content\/uploads\/N04-300x200.jpg 300w, https:\/\/ini-hl-land.de\/wp-content\/uploads\/N04-960x640.jpg 960w, https:\/\/ini-hl-land.de\/wp-content\/uploads\/N04-480x320.jpg 480w, https:\/\/ini-hl-land.de\/wp-content\/uploads\/N04-380x255.jpg 380w\" sizes=\"(max-width: 300px) 100vw, 300px\" \/><\/a><\/p>\n<p><a href=\"http:\/\/www.ini-hl-land.de\/wp-content\/uploads\/N07.jpg\"><img loading=\"lazy\" decoding=\"async\" class=\"alignnone size-medium wp-image-2003\" src=\"http:\/\/www.ini-hl-land.de\/wp-content\/uploads\/N07-300x200.jpg\" alt=\"N07\" width=\"300\" height=\"200\" srcset=\"https:\/\/ini-hl-land.de\/wp-content\/uploads\/N07-300x200.jpg 300w, https:\/\/ini-hl-land.de\/wp-content\/uploads\/N07-960x640.jpg 960w, https:\/\/ini-hl-land.de\/wp-content\/uploads\/N07-480x320.jpg 480w, https:\/\/ini-hl-land.de\/wp-content\/uploads\/N07-380x255.jpg 380w\" sizes=\"(max-width: 300px) 100vw, 300px\" \/><\/a>\u00a0\u00a0<a href=\"http:\/\/www.ini-hl-land.de\/wp-content\/uploads\/N08.jpg\"><img loading=\"lazy\" decoding=\"async\" class=\"alignnone size-medium wp-image-2004\" src=\"http:\/\/www.ini-hl-land.de\/wp-content\/uploads\/N08-300x200.jpg\" alt=\"N08\" width=\"300\" height=\"200\" srcset=\"https:\/\/ini-hl-land.de\/wp-content\/uploads\/N08-300x200.jpg 300w, https:\/\/ini-hl-land.de\/wp-content\/uploads\/N08-960x640.jpg 960w, https:\/\/ini-hl-land.de\/wp-content\/uploads\/N08-480x320.jpg 480w, https:\/\/ini-hl-land.de\/wp-content\/uploads\/N08-380x255.jpg 380w\" sizes=\"(max-width: 300px) 100vw, 300px\" \/><\/a><\/p>\n<p>&nbsp;<\/p>\n","protected":false},"excerpt":{"rendered":"<p>Die Bilder wurden von Rainer Wiedemann zur Verf\u00fcgung gestellt. Abriss und Aush\u00e4ngen der alten Br\u00fccke: \u00a0\u00a0 &nbsp; &nbsp; \u00a0\u00a0 &nbsp; Einh\u00e4ngen der neuen Br\u00fccke: \u00a0\u00a0 \u00a0\u00a0 \u00a0\u00a0 \u00a0\u00a0 &nbsp;<\/p>\n","protected":false},"author":3,"featured_media":0,"parent":1449,"menu_order":0,"comment_status":"closed","ping_status":"closed","template":"","meta":{"ocean_post_layout":"","ocean_both_sidebars_style":"","ocean_both_sidebars_content_width":0,"ocean_both_sidebars_sidebars_width":0,"ocean_sidebar":"","ocean_second_sidebar":"","ocean_disable_margins":"enable","ocean_add_body_class":"","ocean_shortcode_before_top_bar":"","ocean_shortcode_after_top_bar":"","ocean_shortcode_before_header":"","ocean_shortcode_after_header":"","ocean_has_shortcode":"","ocean_shortcode_after_title":"","ocean_shortcode_before_footer_widgets":"","ocean_shortcode_after_footer_widgets":"","ocean_shortcode_before_footer_bottom":"","ocean_shortcode_after_footer_bottom":"","ocean_display_top_bar":"default","ocean_display_header":"default","ocean_header_style":"","ocean_center_header_left_menu":"","ocean_custom_header_template":"","ocean_custom_logo":0,"ocean_custom_retina_logo":0,"ocean_custom_logo_max_width":0,"ocean_custom_logo_tablet_max_width":0,"ocean_custom_logo_mobile_max_width":0,"ocean_custom_logo_max_height":0,"ocean_custom_logo_tablet_max_height":0,"ocean_custom_logo_mobile_max_height":0,"ocean_header_custom_menu":"","ocean_menu_typo_font_family":"","ocean_menu_typo_font_subset":"","ocean_menu_typo_font_size":0,"ocean_menu_typo_font_size_tablet":0,"ocean_menu_typo_font_size_mobile":0,"ocean_menu_typo_font_size_unit":"px","ocean_menu_typo_font_weight":"","ocean_menu_typo_font_weight_tablet":"","ocean_menu_typo_font_weight_mobile":"","ocean_menu_typo_transform":"","ocean_menu_typo_transform_tablet":"","ocean_menu_typo_transform_mobile":"","ocean_menu_typo_line_height":0,"ocean_menu_typo_line_height_tablet":0,"ocean_menu_typo_line_height_mobile":0,"ocean_menu_typo_line_height_unit":"","ocean_menu_typo_spacing":0,"ocean_menu_typo_spacing_tablet":0,"ocean_menu_typo_spacing_mobile":0,"ocean_menu_typo_spacing_unit":"","ocean_menu_link_color":"","ocean_menu_link_color_hover":"","ocean_menu_link_color_active":"","ocean_menu_link_background":"","ocean_menu_link_hover_background":"","ocean_menu_link_active_background":"","ocean_menu_social_links_bg":"","ocean_menu_social_hover_links_bg":"","ocean_menu_social_links_color":"","ocean_menu_social_hover_links_color":"","ocean_disable_title":"default","ocean_disable_heading":"default","ocean_post_title":"","ocean_post_subheading":"","ocean_post_title_style":"","ocean_post_title_background_color":"","ocean_post_title_background":0,"ocean_post_title_bg_image_position":"","ocean_post_title_bg_image_attachment":"","ocean_post_title_bg_image_repeat":"","ocean_post_title_bg_image_size":"","ocean_post_title_height":0,"ocean_post_title_bg_overlay":0.5,"ocean_post_title_bg_overlay_color":"","ocean_disable_breadcrumbs":"default","ocean_breadcrumbs_color":"","ocean_breadcrumbs_separator_color":"","ocean_breadcrumbs_links_color":"","ocean_breadcrumbs_links_hover_color":"","ocean_display_footer_widgets":"default","ocean_display_footer_bottom":"default","ocean_custom_footer_template":"","footnotes":""},"class_list":["post-1993","page","type-page","status-publish","hentry","entry"],"_links":{"self":[{"href":"https:\/\/ini-hl-land.de\/index.php?rest_route=\/wp\/v2\/pages\/1993","targetHints":{"allow":["GET"]}}],"collection":[{"href":"https:\/\/ini-hl-land.de\/index.php?rest_route=\/wp\/v2\/pages"}],"about":[{"href":"https:\/\/ini-hl-land.de\/index.php?rest_route=\/wp\/v2\/types\/page"}],"author":[{"embeddable":true,"href":"https:\/\/ini-hl-land.de\/index.php?rest_route=\/wp\/v2\/users\/3"}],"replies":[{"embeddable":true,"href":"https:\/\/ini-hl-land.de\/index.php?rest_route=%2Fwp%2Fv2%2Fcomments&post=1993"}],"version-history":[{"count":4,"href":"https:\/\/ini-hl-land.de\/index.php?rest_route=\/wp\/v2\/pages\/1993\/revisions"}],"predecessor-version":[{"id":2013,"href":"https:\/\/ini-hl-land.de\/index.php?rest_route=\/wp\/v2\/pages\/1993\/revisions\/2013"}],"up":[{"embeddable":true,"href":"https:\/\/ini-hl-land.de\/index.php?rest_route=\/wp\/v2\/pages\/1449"}],"wp:attachment":[{"href":"https:\/\/ini-hl-land.de\/index.php?rest_route=%2Fwp%2Fv2%2Fmedia&parent=1993"}],"curies":[{"name":"wp","href":"https:\/\/api.w.org\/{rel}","templated":true}]}}